he greatest common factor of 7 and 623721.
7
What is the greatest common divisor of 1434627 and 27?
9
What is the highest common factor of 334 and 129091?
167
Calculate the greatest common factor of 26344 and 201428.
148
Calculate the greatest common divisor of 149 and 171797.
149
What is the greatest common divisor of 15380 and 320?
20
Calculate the greatest common factor of 2200 and 4800.
200
Calculate the highest common factor of 6105 and 7397225.
2035
Calculate the greatest common divisor of 1059 and 195.
3
Calculate the highest common factor of 152 and 3173.
19
What is the highest common divisor of 35333 and 14689?
397
Calculate the greatest common divisor of 657 and 1184717.
73
What is the greatest common divisor of 1544 and 84?
4
What is the greatest common divisor of 1988725 and 25?
25
What is the greatest common factor of 11533 and 57?
19
Calculate the greatest common factor of 132 and 3692634.
66
What is the greatest common factor of 39 and 90324?
39
What is the highest common divisor of 212 and 253234?
106
What is the greatest common factor of 1220 and 620?
20
What is the greatest common divisor of 216 and 2029212?
108
What is the greatest common factor of 14 and 3862?
2
Calculate the greatest common factor of 16115 and 155.
5
Calculate the highest common factor of 1525 and 1600.
25
What is the highest common divisor of 14135 and 99?
11
What is the greatest common divisor of 1675 and 57754?
67
Calculate the highest common factor of 32696 and 2196.
244
What is the greatest common divisor of 174 and 246702?
6
Calculate the highest common factor of 11148318 and 3204.
1602
What is the greatest common factor of 33408 and 3552?
96
Calculate the greatest common divisor of 303 and 802445.
101
Calculate the highest common divisor of 198 and 278.
2
Calculate the highest common factor of 28592 and 64.
16
Calculate the greatest common factor of 21 and 20841.
3
What is the highest common divisor of 15 and 192695?
5
What is the highest common factor of 72 and 1862676?
36
Calculate the greatest common divisor of 255 and 1168971.
51
What is the greatest common factor of 343 and 5725356?
343
Calculate the greatest common divisor of 16468 and 1253.
179
What is the greatest common factor of 160032 and 4128?
96
Calculate the greatest common factor of 999 and 21201.
111
What is the highest common divisor of 780 and 555425?
65
Calculate the greatest common factor of 456 and 2832.
24
Calculate the greatest common divisor of 980 and 42260.
20
Calculate the highest common divisor of 27001 and 806.
403
What is the highest common factor of 256174 and 1104?
46
Calculate the greatest common divisor of 32 and 1103456.
32
What is the highest common factor of 256 and 501504?
256
Calculate the greatest common factor of 44 and 6717766.
22
Calculate the greatest common factor of 1287 and 39501.
99
Calculate the highest common factor of 2622 and 735034.
874
What is the highest common divisor of 628903 and 11?
11
What is the highest common divisor of 720 and 7605?
45
What is the highest common factor of 7182000 and 513?
513
What is the greatest common factor of 2010 and 68608?
134
Calculate the greatest common factor of 232 and 66200.
8
Calculate the greatest common divisor of 7 and 1473409.
7
Calculate the highest common factor of 154 and 2436.
14
What is the greatest common factor of 34 and 1558?
2
What is the greatest common divisor of 94 and 4467961?
47
What is the highest common divisor of 13059 and 567?
9
What is the highest common divisor of 448 and 12800?
64
What is the highest common divisor of 17889 and 8241?
201
Calculate the highest common factor of 6348 and 2967.
69
Calculate the greatest common divisor of 105310 and 640.
10
What is the greatest common divisor of 23408 and 475?
19
What is the highest common factor of 209 and 4769?
19
Calculate the highest common divisor of 843895 and 26.
13
What is the greatest common factor of 2 and 1269046?
2
What is the highest common factor of 990 and 5373522?
198
Calculate the highest common divisor of 350960 and 107.
107
Calculate the greatest common factor of 18 and 663849.
9
Calculate the highest common factor of 51 and 3054407.
17
What is the greatest common divisor of 2257 and 732?
61
What is the greatest common factor of 305208 and 3159?
243
What is the highest common factor of 33465 and 46?
23
Calculate the greatest common factor of 351 and 12699.
9
Calculate the greatest common divisor of 5 and 4225995.
5
Calculate the highest common factor of 387205 and 95680.
1495
Calculate the highest common factor of 12999 and 420.
21
What is the greatest common factor of 3650 and 2450?
50
Calculate the highest common divisor of 51888 and 1840.
368
What is the greatest common divisor of 912 and 109896?
456
What is the greatest common factor of 2935295 and 913?
913
Calculate the greatest common factor of 10 and 220910.
10
What is the greatest common divisor of 66 and 267212?
22
Calculate the highest common factor of 2681548 and 4.
4
Calculate the greatest common factor of 9916 and 92.
4
Calculate the greatest common divisor of 3204 and 1045305.
801
Calculate the highest common factor of 260 and 9412.
52
What is the greatest common divisor of 3421 and 913?
11
What is the highest common factor of 40052 and 988?
76
What is the greatest common factor of 3854 and 205?
41
Calculate the greatest common factor of 129584 and 1274.
182
What is the greatest common divisor of 55 and 27016?
11
Calculate the greatest common factor of 84 and 47698.
14
Calculate the greatest common factor of 1786 and 17108.
94
Calculate the greatest common divisor of 30645 and 1350.
135
What is the greatest common divisor of 30 and 281310?
30
What is the greatest common factor of 247867 and 4043?
311
Calculate the greatest common divisor of 24 and 60808.
8
Calculate the highest common factor of 239930 and 280.
10
What is the highest common divisor of 240 and 15630?
30
Calculate the greatest common factor of 774756 and 252.
36
Calculate the highest common factor of 20 and 537260.
20
What is the highest common divisor of 90 and 320454?
18
Calculate the greatest common factor of 697 and 2533.
17
Calculate the greatest common factor of 2691 and 59085.
117
Calculate the greatest common factor of 57914 and 46.
46
Calculate the highest common divisor of 190048 and 416.
32
What is the highest common factor of 470942 and 249?
83
Calculate the highest common factor of 332 and 3818.
166
What is the highest common divisor of 919100 and 39?
13
Calculate the greatest common factor of 1425 and 14421.
57
Calculate the greatest common factor of 144238 and 82.
82
What is the greatest common divisor of 140 and 647990?
70
What is the highest common factor of 973556 and 34?
34
What is the highest common factor of 387 and 1458?
9
What is the highest common factor of 11 and 1235509?
11
Calculate the greatest common factor of 16 and 4163456.
16
What is the greatest common factor of 209196 and 3159?
351
What is the greatest common divisor of 162 and 4941?
81
What is the highest common factor of 12873 and 609?
21
Calculate the highest common divisor of 187 and 268379.
17
What is the greatest common factor of 23764 and 208?
52
Calculate the greatest common divisor of 9 and 1212171.
3
What is the highest common divisor of 5418 and 688?
86
Calculate the highest common divisor of 50 and 1185975.
25
Calculate the highest common factor of 9974 and 22.
2
Calculate the greatest common factor of 2050 and 18000.
50
Calculate the greatest common factor of 29550 and 4050.
150
What is the highest common divisor of 2175 and 395995?
145
What is the greatest common factor of 6312 and 150?
6
Calculate the greatest common divisor of 90 and 90205.
5
What is the highest common divisor of 65320 and 92?
92
What is the highest common divisor of 50 and 166420?
10
Calculate the highest common factor of 95 and 10015.
5
What is the highest common factor of 64239 and 245?
49
Calculate the greatest common factor of 72290 and 10.
10
Calculate the highest common divisor of 809713 and 1561.
223
Calculate the greatest common factor of 29 and 98977.
29
Calculate the greatest common factor of 2488 and 2504.
8
Calculate the highest common divisor of 40 and 1175.
5
What is the highest common divisor of 219179 and